1010101 (base 2) in base 8?
325
Convert -111111010110 (base 2) to base 16.
-fd6
b9db (base 14) to base 9
48072
Convert -2314223 (base 5) to base 7.
-232622
-4301 (base 7) to base 4
-113300
Convert 202201 (base 3) to base 11.
469
Convert -31220 (base 11) to base 10.
-45518
-23016 (base 9) to base 4
-3233130
-64b8 (base 15) to base 9
-32222
What is -3481 (base 11) in base 8?
-10726
What is 988 (base 10) in base 3?
1100121
Convert -34263 (base 8) to base 10.
-14515
Convert -20341 (base 8) to base 16.
-20e1
282 (base 13) to base 11
374
Convert -76bb (base 12) to base 10.
-13103
-23406 (base 7) to base 2
-1011110010001
What is 240 (base 9) in base 6?
530
143300 (base 5) to base 13
29c4
-4168 (base 14) to base 9
-16405
5cc (base 16) to base 11
112a
1000011110000 (base 2) to base 5
114321
Convert -35112 (base 6) to base 5.
-130022
-129 (base 10) to base 16
-81
30b6 (base 12) to base 15
189c
-523 (base 12) to base 2
-1011101011
What is 5998 (base 11) in base 4?
1322223
What is 146 (base 9) in base 10?
123
Convert 415 (base 7) to base 3.
21201
What is -a1 (base 13) in base 5?
-1011
What is 37ba (base 13) in base 9?
11777
What is d73 (base 16) in base 5?
102233
Convert -100111110000 (base 2) to base 9.
-3436
What is -1203043 (base 5) in base 12?
-10a81
-705 (base 8) to base 2
-111000101
3291 (base 10) to base 14
12b1
Convert -11326 (base 7) to base 12.
-1827
What is -eb (base 16) in base 3?
-22201
-14064 (base 12) to base 13
-c808
What is -110110212 (base 3) in base 2?
-10001110000111
101010000110 (base 2) to base 3
10200210
What is 1482d (base 15) in base 4?
100012300
What is 115374 (base 8) in base 11?
2789a
721 (base 8) to base 13
29a
What is 32364 (base 7) in base 4?
1332102
-281 (base 9) to base 3
-22201
Convert -14141 (base 6) to base 13.
-101b
-768 (base 14) to base 3
-2000020
-241241 (base 7) to base 2
-1010101010101000
Convert -879 (base 10) to base 3.
-1012120
What is -1b4 (base 16) in base 6?
-2004
Convert -2b (base 12) to base 6.
-55
-3998 (base 11) to base 14
-1c69
Convert -305 (base 16) to base 7.
-2153
What is -898 (base 12) in base 14?
-668
Convert 110223 (base 4) to base 12.
923
-4ec4 (base 15) to base 3
-212002111
Convert 964 (base 16) to base 4.
211210
Convert 61a (base 14) to base 2.
10010110000
What is -1343 (base 9) in base 15?
-476
What is -2628 (base 9) in base 12?
-1182
Convert 346 (base 8) to base 11.
19a
Convert -b2ab (base 12) to base 10.
-19427
What is -423 (base 8) in base 7?
-542
Convert 20b0 (base 15) to base 10.
6915
What is 1000001000101100 (base 2) in base 12?
17350
515c (base 15) to base 16
4323
What is -122 (base 14) in base 8?
-342
24e (base 16) to base 13
365
16716 (base 8) to base 11
5807
Convert -187 (base 13) to base 2.
-100011000
-153d (base 16) to base 12
-3191
What is 12340 (base 10) in base 15?
39ca
Convert 6624 (base 8) to base 9.
4682
685 (base 13) to base 16
463
What is -1013112 (base 4) in base 9?
-6233
What is 3161 (base 8) in base 12?
b55
-10101110010001 (base 2) to base 11
-841a
What is -104501 (base 7) in base 13?
-8504
What is 12086 (base 9) in base 8?
17641
-503 (base 12) to base 16
-2d3
Convert 4242 (base 7) to base 3.
2001120
What is -1032232 (base 4) in base 9?
-6817
114243 (base 6) to base 7
41154
Convert 5a4 (base 13) to base 4.
33103
What is -1000111011011101 (base 2) in base 7?
-211425
231005 (base 6) to base 3
222222012
3213 (base 9) to base 4
210321
What is -7f (base 16) in base 6?
-331
Convert 16482 (base 11) to base 4.
11222201
Convert 103366 (base 7) to base 2.
100011001101111
295 (base 15) to base 12
412
What is 5d7 (base 15) in base 16?
52f
Convert -1220121220 (base 3) to base 9.
-56556
7009 (base 10) to base 5
211014
Convert -3602 (base 11) to base 16.
-1271
What is -c343 (base 13) in base 11?
-19259
8258 (base 10) to base 14
301c
-3054 (base 8) to base 6
-11152
Convert 4814 (base 11) to base 4.
1202203
What is -1872 (base 10) in base 2?
-11101010000
What is 3141 (base 5) in base 7?
1141
What is 11223 (base 5) in base 9?
1103
Convert 564c (base 14) to base 10.
14964
-101 (base 15) to base 3
-22101
31223 (base 4) to base 13
524
-2050 (base 7) to base 9
-881
What is 1120212 (base 3) in base 2?
10010000101
10430 (base 8) to base 4
1010120
What is 499b (base 12) in base 15?
2702
Convert 770 (base 16) to base 13.
b36
Convert -1445 (base 8) to base 9.
-1084
Convert 3107 (base 12) to base 3.
21022121
What is 7c82 (base 13) in base 10?
17513
What is 92b2 (base 12) in base 3?
210220122
Convert -b116 (base 12) to base 16.
-4ae2
What is 103311 (base 4) in base 6?
5513
1257 (base 10) to base 13
759
Convert 1244001 (base 5) to base 13.
b427
Convert 22303123 (base 4) to base 10.
44251
What is 4502 (base 6) in base 8?
2026
Convert -42010 (base 5) to base 9.
-3701
b5a (base 12) to base 4
121312
What is 5829 (base 10) in base 14?
21a5
7345 (base 9) to base 15
18e2
Convert -610 (base 11) to base 12.
-515
7d71 (base 14) to base 12
10793
Convert -200430 (base 5) to base 6.
-45245
Convert -69 (base 16) to base 11.
-96
Convert 350 (base 8) to base 13.
14b
-34735 (base 8) to base 11
-10147
What is 30202011 (base 4) in base 14?
149c9
What is 564 (base 7) in base 2?
100100011
644 (base 7) to base 5
2301
-2375 (base 9) to base 5
-24034
541 (base 10) to base 4
20131
What is 189 (base 15) in base 2?
101100010
Convert -212103 (base 4) to base 10.
-2451
What is b366 (base 15) in base 10?
37896
Convert -184 (base 16) to base 15.
-1ad
11323133 (base 4) to base 9
36275
What is -7250 (base 15) in base 7?
-130260
Convert -4a8 (base 12) to base 5.
-10304
Convert dc (base 15) to base 9.
250
Convert -92a4 (base 11) to base 16.
-302f
-14343 (base 5) to base 13
-731
What is 11212 (base 3) in base 11?
10a
What is -11131 (base 6) in base 4?
-120133
What is -43222 (base 9) in base 12?
-14685
Convert 3333 (base 8) to base 9.
2360
Convert 1011010111001 (base 2) to base 13.
2856
Convert -436 (base 11) to base 3.
-201101
What is 1210100000 (base 3) in base 6?
431043
Convert -26b (base 12) to base 9.
-452
234462 (base 7) to base 13
1640a
Convert 1231 (base 5) to base 14.
d9
-6452 (base 7) to base 3
-10010212
Convert 23422 (base 10) to base 2.
101101101111110
-4221 (base 9) to base 15
-db7
1144 (base 9) to base 4
31102
-d004 (base 14) to base 7
-206004
-851 (base 9) to base 5
-10234
What is 5441 (base 9) in base 3?
12111101
Convert 1d6d (base 15) to base 12.
3857
36b1 (base 12) to base 9
8427
Convert -2012 (base 10) to base 4.
-133130
What is -556 (base 9) in base 6?
-2040
Convert -a2a (base 12) to base 11.
-1120
Convert -10450 (base 10) to base 7.
-42316
-220121 (base 3) to base 2
-1010011000
166 (base 12) to base 13
141
Convert 946 (base 13) to base 5.
22304
Convert -794 (base 12) to base 3.
-1112111
-10123 (base 5) to base 12
-473
What is -13740 (base 8) in base 7?
-23551
-1122431 (base 5) to base 8
-47616
Convert 13213 (base 4) to base 15.
227
What is 23113 (base 4) in base 14?
39d
Convert 260 (base 7) to base 11.
118
Convert 406 (base 9) to base 10.
330
What is 580 (base 10) in base 14?
2d6
-1000111100 (base 2) to base 13
-350
Convert -3013212 (base 4) to base 3.
-122112010
What is -584 (base 9) in base 10?
-481
Convert -22503 (base 8) to base 11.
-7192
What is -aba (base 13) in base 12?
-1097
What is 4623 (base 7) in base 13?
9c6
Convert -113 (base 15) to base 12.
-183
Convert -7461 (base 8) to base 9.
-5301
492 (base 14) to base 5
12122
Convert 26418 (base 12) to base 13.
1ab37
What is 203212 (base 4) in base 9?
3111
What is -1371 (base 9) in base 7?
-3010
Convert 13031 (base 5) to base 4.
33320
What is 13314 (base 6) in base 16?
80e
What is 1001110001 (base 2) in base 14?
329
63b6 (base 13) to base 11
a440
-1105 (base 7) to base 4
-12031
Convert -323123 (base 5) to base 9.
-16124
992 (base 16) to base 9
3322
Convert bde (base 15) to base 5.
41214
-2163 (base 12) to base 6
-25003
Convert -535 (base 6) to base 2.
-11001011
Convert 291 (base 14) to base 13.
30c
-4742 (base 13) to base 9
-14668
What is -2b3 (base 12) in base 8?
-647
Convert -b047 (base 13) to base 7.
-130426
1043 (base 9) to base 4
30000
What is -2082 (base 12) in base 7?
-13235
-10533 (base 9) to base 4
-1231110
What is 1360 (base 11) in base 3?
2102012
-1034 (base 6) to base 14
-130
What is 12210 (base 3) in base 11?
132
Convert -123450 (base 7) to base 